{"id":8103,"date":"2024-11-09T16:18:42","date_gmt":"2024-11-09T16:18:42","guid":{"rendered":"https:\/\/www.thegrater.eu\/?post_type=product&#038;p=8103"},"modified":"2024-11-29T12:27:44","modified_gmt":"2024-11-29T12:27:44","slug":"marche-en-famenne","status":"publish","type":"product","link":"https:\/\/www.thegrater.eu\/nl\/product\/marche-en-famenne\/","title":{"rendered":"Marche-en-famenne"},"content":{"rendered":"<div class=\"wp-block-woobuilder-tpl relative\"><div class=\"absolute absolute--fill\"><div class=\"absolute absolute--fill cover bg-center\" style=\"background-color:;background-image:linear-gradient( );\"><\/div><div class=\"absolute absolute--fill\" style=\"background-color:;background-image:linear-gradient( );opacity:1;\"><\/div><\/div><div class=\"relative woobuilder-tpl\" style=\"padding-top:5px;padding-left:5px;padding-bottom:5px;padding-right:5px;grid-template-columns:repeat(12, 1fr)\" data-tablet-css=\"padding-left:1em;padding-right:1em;\" data-mobile-css=\"padding-left:1em;padding-right:1em;\"><div class=\"wp-block-caxton-grid relative\"><div class=\"absolute absolute--fill\"><div class=\"absolute absolute--fill cover bg-center\" style=\"background-color:;background-image:linear-gradient( );\"><\/div><div class=\"absolute absolute--fill\" style=\"background-color:;background-image:linear-gradient( );opacity:1;\"><\/div><\/div><div class=\"relative caxton-columns caxton-grid-block\" style=\"padding-top:0;padding-left:0;padding-bottom:0;padding-right:0;grid-template-columns:repeat(12, 1fr)\" data-tablet-css=\"padding-left:em;padding-right:em;\" data-mobile-css=\"padding-left:em;padding-right:em;\"><div class=\"wp-block-caxton-section relative\" style=\"grid-area:span 1\/span 6\"><div class=\"absolute absolute--fill\"><div class=\"absolute absolute--fill cover bg-center\" style=\"background-color:;background-image:linear-gradient( );\"><\/div><div class=\"absolute absolute--fill\" style=\"background-color:;background-image:linear-gradient( );opacity:1;\"><\/div><\/div><div class=\"relative caxton-section-block\" style=\"padding-top:5px;padding-left:5px;padding-bottom:5px;padding-right:5px\" data-mobile-css=\"padding-left:1em;padding-right:1em;\" data-tablet-css=\"padding-left:1em;padding-right:1em;\"><\/div><\/div>\n\n<div class=\"wp-block-caxton-section relative\" style=\"grid-area:span 1\/span 6\"><div class=\"absolute absolute--fill\"><div class=\"absolute absolute--fill cover bg-center\" style=\"background-color:;background-image:linear-gradient( );\"><\/div><div class=\"absolute absolute--fill\" style=\"background-color:;background-image:linear-gradient( );opacity:1;\"><\/div><\/div><div class=\"relative caxton-section-block\" style=\"padding-top:5px;padding-left:5px;padding-bottom:5px;padding-right:5px\" data-mobile-css=\"padding-left:1em;padding-right:1em;\" data-tablet-css=\"padding-left:1em;padding-right:1em;\">\n\n\n\n\n\n\n\n<\/div><\/div><\/div><\/div><\/div><\/div><p><\/p>","protected":false},"excerpt":{"rendered":"<h3>The Grater Small \u2013 Le r\u00e2peur compact pour des pr\u00e9parations pr\u00e9cises !<\/h3>\n<p>D\u00e9couvrez The Grater Small, une assiette de 13 cm de diam\u00e8tre et 3 cm de profondeur, sp\u00e9cialement con\u00e7ue pour r\u00e2per efficacement l\u2019ail et d\u2019autres petits ingr\u00e9dients. Avec son format compact, The Grater Small est id\u00e9al pour des pr\u00e9parations rapides, sans encombrer votre espace de travail. Transformez l\u2019ail, le gingembre et plus encore en une p\u00e2te lisse en quelques gestes simples.<\/p>\n<h3>Kenmerken :<\/h3>\n<p><strong>\u2022 Format compact : Avec ses dimensions de 13 cm de diam\u00e8tre et 3 cm de profondeur, The Grater Small est parfait pour les petites pr\u00e9parations.<\/strong><br \/><strong>\u2022 Ergonomique et pratique : Con\u00e7ue pour une prise en main confortable, elle permet un r\u00e2page facile et pr\u00e9cis.<\/strong><br \/><strong>\u2022 C\u00e9ramique durable : Fabriqu\u00e9e en c\u00e9ramique r\u00e9sistante, The Grater Small assure une longue dur\u00e9e de vie sans rayures.<\/strong><br \/><strong>\u2022 R\u00e2pe fine et efficace : Les picots sp\u00e9cialement con\u00e7us r\u00e2pent finement sans gaspiller les ingr\u00e9dients.<\/strong><br \/><strong>\u2022 Entretien facile : Passe au lave-vaisselle pour un nettoyage rapide et pratique.<\/strong><\/p>\n<h3>Polyvalence d\u2019utilisation :<\/h3>\n<p>Id\u00e9ale pour r\u00e2per l\u2019ail, le gingembre, les zestes d\u2019agrumes et m\u00eame des petits morceaux de chocolat, The Grater Small est un outil de cuisine indispensable pour les amateurs de pr\u00e9parations rapides et pr\u00e9cises. Simplifiez vos t\u00e2ches culinaires au quotidien avec ce r\u00e2peur compact et efficace !<\/p>","protected":false},"featured_media":7960,"template":"","meta":{"_seopress_robots_primary_cat":"","_seopress_titles_title":"","_seopress_titles_desc":"","_seopress_robots_index":"","_eb_attr":"","_eb_data_table":"","site-sidebar-layout":"default","site-content-layout":"","ast-site-content-layout":"default","site-content-style":"default","site-sidebar-style":"default","ast-global-header-display":"","ast-banner-title-visibility":"","ast-main-header-display":"","ast-hfb-above-header-display":"","ast-hfb-below-header-display":"","ast-hfb-mobile-header-display":"","site-post-title":"","ast-breadcrumbs-content":"","ast-featured-img":"","footer-sml-layout":"","theme-transparent-header-meta":"default","adv-header-id-meta":"","stick-header-meta":"","header-above-stick-meta":"","header-main-stick-meta":"","header-below-stick-meta":"","astra-migrate-meta-layouts":"set","ast-page-background-enabled":"default","ast-page-background-meta":{"desktop":{"background-color":"var(--ast-global-color-4)","background-image":"","background-repeat":"repeat","background-position":"center center","background-size":"auto","background-attachment":"scroll","background-type":"","background-media":"","overlay-type":"","overlay-color":"","overlay-opacity":"","overlay-gradient":""},"tablet":{"background-color":"","background-image":"","background-repeat":"repeat","background-position":"center center","background-size":"auto","background-attachment":"scroll","background-type":"","background-media":"","overlay-type":"","overlay-color":"","overlay-opacity":"","overlay-gradient":""},"mobile":{"background-color":"","background-image":"","background-repeat":"repeat","background-position":"center center","background-size":"auto","background-attachment":"scroll","background-type":"","background-media":"","overlay-type":"","overlay-color":"","overlay-opacity":"","overlay-gradient":""}},"ast-content-background-meta":{"desktop":{"background-color":"var(--ast-global-color-5)","background-image":"","background-repeat":"repeat","background-position":"center center","background-size":"auto","background-attachment":"scroll","background-type":"","background-media":"","overlay-type":"","overlay-color":"","overlay-opacity":"","overlay-gradient":""},"tablet":{"background-color":"var(--ast-global-color-5)","background-image":"","background-repeat":"repeat","background-position":"center center","background-size":"auto","background-attachment":"scroll","background-type":"","background-media":"","overlay-type":"","overlay-color":"","overlay-opacity":"","overlay-gradient":""},"mobile":{"background-color":"var(--ast-global-color-5)","background-image":"","background-repeat":"repeat","background-position":"center center","background-size":"auto","background-attachment":"scroll","background-type":"","background-media":"","overlay-type":"","overlay-color":"","overlay-opacity":"","overlay-gradient":""}}},"product_brand":[],"product_cat":[30],"product_tag":[],"class_list":{"0":"post-8103","1":"product","2":"type-product","3":"status-publish","4":"has-post-thumbnail","6":"product_cat-the-grater-small","7":"desktop-align-left","8":"tablet-align-left","9":"mobile-align-left","11":"first","12":"instock","13":"shipping-taxable","14":"purchasable","15":"product-type-simple"},"_links":{"self":[{"href":"https:\/\/www.thegrater.eu\/nl\/wp-json\/wp\/v2\/product\/8103","targetHints":{"allow":["GET"]}}],"collection":[{"href":"https:\/\/www.thegrater.eu\/nl\/wp-json\/wp\/v2\/product"}],"about":[{"href":"https:\/\/www.thegrater.eu\/nl\/wp-json\/wp\/v2\/types\/product"}],"wp:featuredmedia":[{"embeddable":true,"href":"https:\/\/www.thegrater.eu\/nl\/wp-json\/wp\/v2\/media\/7960"}],"wp:attachment":[{"href":"https:\/\/www.thegrater.eu\/nl\/wp-json\/wp\/v2\/media?parent=8103"}],"wp:term":[{"taxonomy":"product_brand","embeddable":true,"href":"https:\/\/www.thegrater.eu\/nl\/wp-json\/wp\/v2\/product_brand?post=8103"},{"taxonomy":"product_cat","embeddable":true,"href":"https:\/\/www.thegrater.eu\/nl\/wp-json\/wp\/v2\/product_cat?post=8103"},{"taxonomy":"product_tag","embeddable":true,"href":"https:\/\/www.thegrater.eu\/nl\/wp-json\/wp\/v2\/product_tag?post=8103"}],"curies":[{"name":"wp","href":"https:\/\/api.w.org\/{rel}","templated":true}]}}

<h3>The Grater Small – Le râpeur compact pour des préparations précises !</h3>
<p>Découvrez The Grater Small, une assiette de 13 cm de diamètre et 3 cm de profondeur, spécialement conçue pour râper efficacement l’ail et d’autres petits ingrédients. Avec son format compact, The Grater Small est idéal pour des préparations rapides, sans encombrer votre espace de travail. Transformez l’ail, le gingembre et plus encore en une pâte lisse en quelques gestes simples.</p>
<h3>Kenmerken :</h3>
<p><strong>• Format compact : Avec ses dimensions de 13 cm de diamètre et 3 cm de profondeur, The Grater Small est parfait pour les petites préparations.</strong><br /><strong>• Ergonomique et pratique : Conçue pour une prise en main confortable, elle permet un râpage facile et précis.</strong><br /><strong>• Céramique durable : Fabriquée en céramique résistante, The Grater Small assure une longue durée de vie sans rayures.</strong><br /><strong>• Râpe fine et efficace : Les picots spécialement conçus râpent finement sans gaspiller les ingrédients.</strong><br /><strong>• Entretien facile : Passe au lave-vaisselle pour un nettoyage rapide et pratique.</strong></p>
<h3>Polyvalence d’utilisation :</h3>
<p>Idéale pour râper l’ail, le gingembre, les zestes d’agrumes et même des petits morceaux de chocolat, The Grater Small est un outil de cuisine indispensable pour les amateurs de préparations rapides et précises. Simplifiez vos tâches culinaires au quotidien avec ce râpeur compact et efficace !</p>
